(p) - l(p). Determine g(i).
2
Let r(l) be the second derivative of -l**5/20 + l**4/12 + l**3/3 + l**2/2 + l. Let a = 9 - 15. Let c(i) = i**3 + 5*i**2 - 7*i - 4. Let y be c(a). Give r(y).
1
Let b(j) = -j**2 + j - 1. Let p(z) = 6*z**2 - 10*z + 7. Let s(c) = 5*b(c) + p(c). Let a(x) = -4*x + 1. Let h be a(-1). Give s(h).
2
Suppose -4*h = k - 17, 4 = 3*h - 4*k - 23. Suppose -2*m + m = h. Let w(p) be the second derivative of p**3/6 + 3*p**2/2 - 4*p. Give w(m).
-2
Suppose -1 + 0 = c. Suppose 4*z + 6 = 7*z. Let g(r) = -5*r**3 - 3*r**z - r + r**2 + r**3. What is g(c)?
3
Let m(r) = r**2 - 8*r + 4. Let l(u) = u**3 + 11*u**2 + 10*u + 5. Suppose 15 = -2*g - 5. Let f be l(g). Determine m(f).
-11
Suppose -7*j = -17 - 32. Let m(b) = -b - 2. Determine m(j).
-9
Let j(i) be the first derivative of -i**3/3 - 7*i**2/2 - 3*i - 35. Determine j(-5).
7
Let w = 347 + -345. Suppose 0 = 2*f - 0*f - 10. Let m(a) = -2*a + f*a + 2 - 4*a. Calculate m(w).
0
Let q(x) = x**3 + 0*x**2 + x**2 - 1 + 0*x**3. Let c = -9 + 13. Suppose -c = -2*r - 6. Determine q(r).
-1
Let l(c) = c**2 - c + 1. Let q(i) = -i**2 + 6*i. Let z(k) = -k**2 - k - 1. Let u(s) = -q(s) + 2*z(s). Let r be u(-8). Give l(r).
7
Let n(z) be the first derivative of -z**3 + 0*z**2 - 2 + 0*z + 1/30*z**5 - 1/12*z**4 - 1/360*z**6. Let b(v) be the third derivative of n(v). Give b(5).
-7
Let z(y) = -14*y**2 - 29*y - 23. Let s(r) be the second derivative of -5*r**4/12 - 5*r**3/3 - 4*r**2 + 4*r. Let g(o) = 11*s(o) - 4*z(o). Give g(-6).
4
Let w(u) = 4*u - 1. Let o(t) = -5*t + 1. Let r(i) = 5*o(i) + 6*w(i). Suppose a - 1 = -3*p, -a = p - 1 - 2. Give r(p).
0
Suppose -4*p = 2*o - 8, p - 3 = o - 4. Let k = 3 - p. Let s(l) be the second derivative of -l**4/12 + l**3/3 - l**2/2 + 2*l. Give s(k).
-1
Let n(w) = w**3 + 8*w**2 + 2*w - 9. Let p(i) be the first derivative of -i**4/4 - 3*i**3 - 3*i**2/2 + 10*i - 5. Let b(u) = -5*n(u) - 4*p(u). Determine b(-4).
-3
Let j(x) = -5*x**2 - 3. Let h(w) = w**2 + w. Let g(l) = 4*h(l) + j(l). Let r(k) = k**3 - 4*k**2. Let y be r(4). Suppose 4*s - 16 = -y*s. Determine g(s).
-3
Let t(p) = -p**2 - p - 8. Let h(g) = -3*g**2 - 2*g - 23. Let z(m) = 6*h(m) - 17*t(m). Determine z(3).
4
Let j(n) = -3*n**3 + 2*n**2 + n + 1. Let v = -87 + 89. Give j(v).
-13
Let o(m) = -m**2 + 9*m + 12. Let z be o(10). Let w(b) = b**z + 1 - 4 + b + 2 - 2*b. Give w(3).
5
Let c = -9 - -11. Let a(p) = -2*p**3 + 2*p**2 + 5*p - 2. Let b(f) be the second derivative of f**3/6 - f**2/2 - f. Let j(d) = -a(d) + 4*b(d). What is j(c)?
4
Let q be (-3 + 1)/(4/(-6)). Let h(k) be the second derivative of k**4/8 - k**3/2 + k**2/2 - k. Let d(i) be the first derivative of h(i). Give d(q).
6
Let o be ((-4)/5)/((-6)/(-15)). Let r(j) = 6*j. Calculate r(o).
-12
Let p = 7 - 4. Let f(s) = -s**2 - p + s**3 - 3*s + 3*s**2 + 0*s**2. Calculate f(-3).
-3
Let n(d) = -6*d - 1. Let r(p) be the first derivative of p**4/4 + 10*p**3/3 + p**2/2 + 11*p + 4. Let z be r(-10). Determine n(z).
-7
Let a be 4/(-1 - 0 - -2). Let i = 0 - a. Let c(r) = -5*r**3 - 2*r**2 + 2*r - 1. Let o(x) = 6*x**3 + 3*x**2 - 3*x + 2. Let b(m) = i*o(m) - 5*c(m). What is b(2)?
1
Let j(d) = -d**2 - 4*d + 3. Let x = -10 - -13. Determine j(x).
-18
Let o(z) = 5*z + 2. Suppose 3*y - 2*y = 0, -2*y = -3*t - 6. Give o(t).
-8
Let x(w) = -w**3 + 6*w**2 - 7*w + 4. Let s = -40 - 20. Let n be (-4)/(-6)*s/(-8). Determine x(n).
-6
Let s(a) = 12*a - a**2 - 6 + 2 - 3. Let n be s(11). Let y(i) = i - 8. Calculate y(n).
-4
Suppose -2*n + 4*w - 14 = 0, -2*n + 3*w - 2 = 7. Let v(t) = t + 4. Calculate v(n).
7
Let s(j) = j**3 - 2*j**2 - 4. Let r(c) = c**2 + 1. Let t(w) = -4*r(w) + s(w). Suppose 0 = 6*h - 3*h - 18. Give t(h).
-8
Let o(v) = v**3 + 8*v**2 + 2*v - 10. Let f be o(-7). Let d be f/10*(-1 + -1). Let i = -6 - d. Let w(y) = -4*y**2 + 2*y + 1. Give w(i).
-5
Let l(h) = -7*h - 2. Let n(s) = 6*s + 1. Let i(z) = 4*l(z) + 5*n(z). Determine i(-3).
-9
Let c = -4 - -8. Let r(o) = 2*o**3 - o - 4 + 5*o**2 - c*o**3 + 3*o**3. Give r(-5).
1
Let q(a) = a**3 - 4*a**2 + a + 2. Suppose -4*f = 4 + 12. Let s = -2 - f. Suppose -l = s*l - 9. What is q(l)?
-4
Let g(u) = 1 + 4 - 4 - 2*u - u. Suppose 4 - 1 = p. Determine g(p).
-8
Let a(u) be the third derivative of -10*u**2 + 0*u + 1/24*u**4 + 1/6*u**3 + 0. Give a(0).
1
Let w be (10/35)/(2/14). Let n(r) = -r**3 + r**2 + 3*r - 1. Give n(w).
1
Let z = 22 - 19. Let g(q) = -q**3 + q**2 + 5*q - 2. What is g(z)?
-5
Let s(g) be the third derivative of g**5/60 + 5*g**4/24 + 5*g**3/6 - 11*g**2. Let z(l) = -l**2 + 6*l - 3. Let a be z(3). Suppose a*c = 4*c - 10. Give s(c).
5
Let u(i) = 1. Let o(z) = -3*z + 12. Let a(k) = -k**2 + 11*k - 1. Let g be a(11). Let c(p) = g*o(p) + 6*u(p). Calculate c(4).
6
Let l(r) be the second derivative of -r**5/20 - r**4/3 - r**3/3 - 2*r**2 + 7*r. Let o be (-3 + 1)/((-6)/(-9)). Determine l(o).
-7
Let j = -126 - -127. Let m(n) = 21*n**3 + n**2 - n + 1. Determine m(j).
22
Suppose 0 = -4*u + 4, 0*f + u = -f + 4. Let m(i) be the first derivative of 1/4*i**4 + 0*i**2 + 7*i + 5/3*i**f + 1. Give m(-5).
7
Suppose 5 = 2*u - u. Let a(n) = n**2 - 7*n + 4. Calculate a(u).
-6
Let n(k) be the third derivative of k**5/60 + k**4/12 - k**3/2 - 4*k**2. Give n(2).
5
Let h(v) = 9*v + 5*v + 0*v - 12*v - 14. Give h(10).
6
Let f = -5 - -2. Suppose -n + 30 = 4*n. Let a(d) = 0 + 5*d - 4 - n*d. Calculate a(f).
-1
Let h be (-6)/27 + (-43)/9. Let z(d) = d + 1. Let l(j) = j - 1. Let q(m) = -l(m) + 3*z(m). Determine q(h).
-6
Let c be -10*(0 + 2/(-4)). Let y(s) = 2*s + 14. Let i(v) = -v - 7. Let b(d) = c*i(d) + 3*y(d). Calculate b(0).
7
Suppose 4*w - 19 = 5*o, -4*w + 4 = -2*o - 6. Let j = 5 + o. Let c(d) = 5*d**j - 3*d**2 - 4*d**2 - 2. Determine c(-2).
-10
Let c(u) = -u**2 + 7*u - 8. Suppose -i = -0*i - 6. Calculate c(i).
-2
Let g(b) = -13 - 2*b**2 + 0*b + 11 + 4*b + 0*b. Give g(3).
-8
Let n be (495/(-11))/(-3)*(-2)/5. Let y(h) be the second derivative of -h**5/20 - 7*h**4/12 - 7*h**3/6 - 3*h**2/2 + h. What is y(n)?
3
Let w(k) = k**2 + 4*k + 1. Let m be w(-3). Let a(h) be the third derivative of -h**6/120 - h**5/30 + h**4/12 + h**3/6 + 12*h**2. Determine a(m).
-3
Let f(t) = -t**3 - 6*t**2. Let x be 1 + (-2 + -25)/3. Let k be ((-18)/x)/(27/(-72)). Give f(k).
0
Let z be ((-1)/(-2))/((-3)/42). Let i = z - -5. Let k(h) = h**2 + 4*h + 3. Give k(i).
-1
Let n(c) = 4*c + c**2 + 2*c + 0 + 6 + 0*c**2. Let y = -58 + 54. Calculate n(y).
-2
Let y(k) = 6*k**2 + 4*k - 2. Let q(w) = 9*w**2 + 6*w - 3. Let c(p) = 5*q(p) - 8*y(p). Suppose 17*j + 2 = 19*j. What is c(j)?
-4
Let a be (0 - 30/(-5))*4/6. Let w(y) = -3*y + 5. What is w(a)?
-7
Let d(k) = 5*k**3 + 17 - 21 - 5*k**3 + k**3. Let n = 0 + 0. What is d(n)?
-4
Let t be 3*(0 + -1) - -1. Let q(c) = -5*c**2 - 3. Let s(o) = -6*o**2 + o - 4. Let g(y) = 4*q(y) - 3*s(y). Determine g(t).
-2
Let g(s) = -s - 3. Suppose m = w + 2, -4*w = -m - m + 8. Let d(q) = 4. Let a(y) = w*g(y) - 3*d(y). Determine a(5).
4
Let a(v) = -v**3 + 3*v**2 - 2*v - 2. Let x be ((-2)/(-5))/(9/90). Suppose x = p + 3. Let z be (6/9)/(p/3). Calculate a(z).
-2
Suppose -2*p = -4*n - 32, -5*p = 5*n - 4*p + 26. Let t(m) = -m**2 - 5*m - 3. Determine t(n).
-9
Let z be ((-15)/(-6))/((-10)/(-8)). Let b(p) = p - 7. Let a(c) = c. Let l(i) = -4*i - 3. Let k(v) = -5*a(v) - l(v). Let f(y) = 2*b(y) + 5*k(y). What is f(z)?
-5
Let c(a) = 3*a. Let w be (-2)/(-4)*(-12)/(-1). Suppose -q - 2*q = w. Give c(q).
-6
Let r be (-6)/33 - 24/(-11). Let t be r - 1*-1*6. Suppose -z + 3*l - 2 = 0, 2 = -5*z - 5*l - t. Let m(u) = -u**2 - 1. What is m(z)?
-5
Let g(w) = -w**2 - 2*w - 3*w - 4 - 2 + 0*w. Give g(-5).
-6
Suppose 14 + 6 = 5*l. Suppose i - l = -7. Let x(h) = -7*h**2 - 7*h - 2. Let b(s) = 11*s**2 + 11*s + 3. Let q(g) = -5*b(g) - 8*x(g). Determine q(i).
7
Let w be 2/(-5) - (-47)/5. Let x be 2/3 + 30/w. Suppose -c + s = 3, 3*c - 6 = x*c - 4*s. Let m(b) = 2*b**3 + 3*b**2 + 3*b + 2. Give m(c).
-8
Let u(p) = -2 - 3 + 3*p + p**3 + 9*p**2 + 6. Let o(v) = 2*v**3 + 19*v**2 + 5*v + 2. Let x(a) = -2*o(a) + 5*u(a). Determine x(-6).
7
Let h(s) = -2*s**2 + 4*s - 1. Let u be 72/(-60)*(9/(-2) + 2). What is h(u)?
-7
Let g(p) = -p**2 + 7*p - 1. Let x be ((-24)/10)/((-10)/25). Give g(x).
5
Let j be 1 - (-2 - -3 - 4 - -3). Let y(s) = -s - 5. Let z(o) = o - 1. Let l(t) = y(t) - 5*z(t). Calculate l(j).
-6
Let c = 11 - 15. Let f(s) be the f